the prime factors of 629257.
23, 109, 251
List the prime factors of 24045534.
2, 3, 23, 241
What are the prime factors of 3644896?
2, 113903
What are the prime factors of 1613196?
2, 3, 13, 383
What are the prime factors of 694362?
2, 3, 115727
What are the prime factors of 3147477?
3, 433, 2423
What are the prime factors of 167747?
167747
List the prime factors of 646761.
3, 215587
What are the prime factors of 1483134?
2, 3, 41, 6029
What are the prime factors of 2356594?
2, 1178297
List the prime factors of 228766.
2, 107, 1069
List the prime factors of 2254151.
37, 60923
What are the prime factors of 180855?
3, 5, 4019
What are the prime factors of 1663546?
2, 761, 1093
What are the prime factors of 238285?
5, 47657
What are the prime factors of 1711629?
3, 190181
What are the prime factors of 484478?
2, 37, 6547
List the prime factors of 214235.
5, 7, 6121
What are the prime factors of 8037663?
3, 859, 3119
List the prime factors of 1617378.
2, 3, 7, 97, 397
List the prime factors of 1016876.
2, 7, 23, 1579
List the prime factors of 3938938.
2, 71, 27739
What are the prime factors of 3728257?
13, 286789
List the prime factors of 543285.
3, 5, 12073
What are the prime factors of 2340011?
2340011
What are the prime factors of 28759989?
3, 37, 259099
List the prime factors of 924384.
2, 3, 9629
What are the prime factors of 11973225?
3, 5, 11, 23, 631
List the prime factors of 1714825.
5, 7, 41, 239
What are the prime factors of 18020879?
1181, 15259
What are the prime factors of 1670237?
23, 101, 719
What are the prime factors of 7286694?
2, 3, 43, 61, 463
List the prime factors of 1963280.
2, 5, 11, 23, 97
What are the prime factors of 1664816?
2, 67, 1553
What are the prime factors of 12666442?
2, 6333221
List the prime factors of 482978.
2, 241489
List the prime factors of 235586.
2, 13, 17, 41
List the prime factors of 3835473.
3, 19, 67289
List the prime factors of 7815391.
79, 98929
List the prime factors of 24188.
2, 6047
List the prime factors of 581346.
2, 3, 32297
List the prime factors of 469295.
5, 47, 1997
List the prime factors of 1850881.
293, 6317
List the prime factors of 1578862.
2, 19, 41549
What are the prime factors of 7049144?
2, 881143
What are the prime factors of 3209584?
2, 7, 28657
What are the prime factors of 189354?
2, 3, 11, 19, 151
What are the prime factors of 128521?
128521
List the prime factors of 5465224.
2, 29, 23557
What are the prime factors of 210678?
2, 3, 13, 37, 73
What are the prime factors of 29697259?
29697259
List the prime factors of 11293092.
2, 3, 23, 593
What are the prime factors of 29321394?
2, 3, 4886899
List the prime factors of 340650.
2, 3, 5, 757
What are the prime factors of 11106007?
11, 1009637
What are the prime factors of 34935076?
2, 11, 793979
What are the prime factors of 27801004?
2, 7, 11, 90263
List the prime factors of 24367538.
2, 13, 19, 107, 461
List the prime factors of 338836.
2, 23, 29, 127
What are the prime factors of 8324790?
2, 3, 5, 277493
List the prime factors of 19661342.
2, 9830671
What are the prime factors of 138476?
2, 13, 2663
List the prime factors of 7598527.
239, 31793
List the prime factors of 886174.
2, 41, 101, 107
List the prime factors of 944063.
373, 2531
What are the prime factors of 1756685?
5, 7, 53, 947
List the prime factors of 21757104.
2, 3, 151091
List the prime factors of 15625204.
2, 7, 67, 8329
List the prime factors of 207915.
3, 5, 83, 167
What are the prime factors of 2842153?
19, 7873
List the prime factors of 288289.
29, 9941
What are the prime factors of 66780?
2, 3, 5, 7, 53
List the prime factors of 62656.
2, 11, 89
List the prime factors of 49662.
2, 3, 31, 89
What are the prime factors of 460666?
2, 17, 797
What are the prime factors of 1211291?
773, 1567
What are the prime factors of 4728281?
137, 34513
List the prime factors of 20798.
2, 10399
List the prime factors of 5579778.
2, 3, 929963
What are the prime factors of 3152047?
3152047
List the prime factors of 2434128.
2, 3, 17, 19, 157
List the prime factors of 103801.
103801
What are the prime factors of 617719?
617719
List the prime factors of 176985.
3, 5, 19, 23
List the prime factors of 3289013.
7, 13, 47, 769
List the prime factors of 337873.
337873
List the prime factors of 367558.
2, 37, 4967
What are the prime factors of 256367?
19, 103, 131
List the prime factors of 176452.
2, 31, 1423
What are the prime factors of 408272?
2, 17, 19, 79
What are the prime factors of 750339?
3, 263, 317
What are the prime factors of 4535484?
2, 3, 29, 13033
List the prime factors of 22329178.
2, 311, 35899
List the prime factors of 2307701.
11, 193, 1087
List the prime factors of 1885153.
1885153
List the prime factors of 1380756.
2, 3, 13, 53, 167
List the prime factors of 183300.
2, 3, 5, 13, 47
List the prime factors of 594116.
2, 17, 8737
List the prime factors of 457684.
2, 31, 3691
List the prime factors of 9952420.
2, 5, 79, 6299
List the prime factors of 13712615.
5, 7, 391789
List the prime factors of 757569.
3, 67, 3769
What are the prime factors of 11811285?
3, 5, 87491
What are the prime factors of 11223289?
7, 11, 145757
What are the prime factors of 110739?
3, 36913
List the prime factors of 40830978.
2, 3, 6805163
What are the prime factors of 26050970?
2, 5, 11, 17, 13931
What are the prime factors of 19337110?
2, 5, 13, 148747
What are the prime factors of 23451639?
3, 7817213
List the prime factors of 1047437.
43, 24359
List the prime factors of 57996.
2, 3, 179
List the prime factors of 4175.
5, 167
What are the prime factors of 6740810?
2, 5, 41, 401
List the prime factors of 8056652.
2, 31, 43, 1511
List the prime factors of 1885626.
2, 3, 34919
List the prime factors of 757934.
2, 378967
List the prime factors of 11346581.
71, 159811
List the prime factors of 1092553.
7, 11, 2027
List the prime factors of 853427.
853427
List the prime factors of 994046.
2, 31, 16033
What are the prime factors of 12402957?
3, 7, 23, 25679
What are the prime factors of 1709816?
2, 213727
List the prime factors of 624689.
13, 29, 1657
What are the prime factors of 138424?
2, 11, 13
List the prime factors of 121161.
3, 40387
List the prime factors of 1361999.
1361999
What are the prime factors of 7687825?
5, 17, 18089
List the prime factors of 11808.
2, 3, 41
List the prime factors of 234929.
29, 8101
List the prime factors of 14672006.
2, 89, 139, 593
What are the prime factors of 667003?
313, 2131
List the prime factors of 273252.
2, 3, 7, 3253
What are the prime factors of 215408?
2, 13463
What are the prime factors of 21800991?
3, 307, 23671
List the prime factors of 16591448.
2, 31, 149, 449
List the prime factors of 248169.
3, 82723
What are the prime factors of 17259936?
2, 3, 23, 7817
What are the prime factors of 147168?
2, 3, 7, 73
What are the prime factors of 1825903?
47, 53, 733
List the prime factors of 2837862.
2, 3, 52553
What are the prime factors of 6352306?
2, 1163, 2731
What are the prime factors of 142407?
3, 15823
List the prime factors of 9580172.
2, 7, 61, 71, 79
What are the prime factors of 8817421?
29, 304049
What are the prime factors of 323606?
2, 239, 677
What are the prime factors of 1624209?
3, 109, 4967
What are the prime factors of 345045?
3, 5, 23003
List the prime factors of 3597167.
7, 513881
List the prime factors of 1766439.
3, 196271
List the prime factors of 1166926.
2, 271, 2153
What are the prime factors of 26702?
2, 13, 79
What are the prime factors of 23348?
2, 13, 449
List the prime factors of 6753963.
3, 137, 16433
List the prime factors of 186101.
149, 1249
What are the prime factors of 10797568?
2, 21089
What are the prime factors of 1677313?
11, 139, 1097
List the prime factors of 1986854.
2, 83, 11969
List the prime factors of 472786.
2, 37, 6389
What are the prime factors of 207424?
2, 7, 463
What are the prime factors of 281100?
2, 3, 5, 937
List the prime factors of 73237.
73237
List the prime factors of 78694.
2, 7, 11, 73
What are the prime factors of 9854978?
2, 7, 227, 443
List the prime factors of 185101.
7, 31, 853
List the prime factors of 492005.
5, 19, 5179
List the prime factors of 54118.
2, 27059
List the prime factors of 62795.
5, 19, 661
What are the prime factors of 791982?
2, 3, 23, 1913
List the prime